et a(z) = z**2 + 6*z - 1. Let f be a(-6). Let k = f - -81. What is the highest common factor of k and 10?
10
Let s be (91/14)/(2/8). Suppose -86 - s = -2*g. Let y = g - 40. Calculate the greatest common divisor of 4 and y.
4
Suppose -5*d - 2*i + 6 = 0, d - 15 = 4*d - 5*i. Suppose 0 = -2*z + 2*y - d*y + 158, 2*y + 233 = 3*z. What is the highest common divisor of 15 and z?
15
Let v = 12 - -6. Calculate the greatest common divisor of 30 and v.
6
Let z(a) = -2*a**2 + 23*a - 2. Let q be z(11). What is the highest common factor of q and 144?
9
Suppose -x + 61 = -v, 2*v + 9 - 1 = 0. Let q be (-1)/(-2) + (-148)/(-8). What is the greatest common factor of x and q?
19
Let j = -36 + 76. Let v(h) = -h**3 + 6*h**2 + 6*h. Let d be v(7). Let w be (d + 1)*12/(-9). Calculate the greatest common divisor of w and j.
8
Let c = -93 + 131. What is the greatest common divisor of 266 and c?
38
Suppose t = -2*f + 11, -f + 23 = 4*f + t. Let z(n) = 12*n + 2. Let y be z(f). Calculate the highest common factor of y and 20.
10
Let z = 256 - 157. Suppose 3*v + 0*v + 3*m - z = 0, 0 = -m + 5. What is the highest common divisor of v and 7?
7
Let f be 2/(-6) + (-1298)/(-6). Calculate the greatest common divisor of f and 24.
24
Suppose c + c - 4*d = 260, 514 = 4*c - 5*d. What is the highest common factor of 42 and c?
42
Let w be 2/3*594/4. What is the greatest common divisor of 11 and w?
11
Let o(r) = -r**2 - 33*r - 7. Let q be o(-24). What is the greatest common factor of q and 19?
19
Suppose 0*u + 125 = -5*u. Let c = 43 + u. Calculate the highest common divisor of c and 6.
6
Let w be -1 + (-356)/(-5) - 1/5. Calculate the highest common divisor of w and 35.
35
Let k(y) = 21*y**3 - y**2 + 1. Let i be k(2). Calculate the greatest common divisor of 15 and i.
15
Suppose 1156 - 16 = 6*i. What is the greatest common factor of i and 10?
10
Let k = 23 - 18. What is the highest common divisor of k and 5?
5
Suppose 5*h - 9 - 6 = 0. Suppose 2 = 5*b - 8, h*b = -3*q + 15. Suppose -o = -2*v + 9, -v - 2 = -2*v + q*o. What is the greatest common factor of v and 15?
5
Let w be -1*4*154/(-88). Calculate the highest common factor of 63 and w.
7
Suppose 2*b = 3*k + 34 + 10, 2*k = -b + 36. What is the highest common divisor of 7 and b?
7
Suppose y + 1 = 2*y. Let g = 4 - y. Suppose -j = -g*p - 34 + 7, -j + 27 = 4*p. Calculate the highest common divisor of j and 3.
3
Let c(v) = v**2 + 7*v + 10. Let m be c(-10). Suppose -7*d + 2*d - 15 = 0. Let t be (-16)/d*(6 - 3). Calculate the greatest common divisor of t and m.
8
Let l = 68 - 8. What is the highest common factor of 20 and l?
20
Let u be (-7)/((24/(-36))/(0 - -2)). What is the highest common factor of u and 6?
3
Let a be (-92)/(-22) + (-6)/33. Suppose a*u - u = 0. Suppose 3*q - 2*d = 41, u*q = -5*q - 2*d + 63. Calculate the greatest common factor of q and 52.
13
Let o = -6 + 11. Suppose -5*s + 85 = -o*u, -5*s + 51 = 4*u - 16. Let b be 15/1*(13 - 2). What is the greatest common factor of s and b?
15
Suppose 4*t + g = 2*t + 30, 5*t = 2*g + 75. Let l be ((-6)/t)/(1/(-5)). Let p be l/(-4)*2*-9. Calculate the greatest common divisor of p and 27.
9
Let b(g) = -g**2 - 5*g - 1. Let t be b(-2). Let m(i) = -5*i + 10. Let q be m(-5). What is the greatest common factor of t and q?
5
Suppose 160 = 8*w - 4*w. Suppose 5*n = -0*n + w. Calculate the highest common factor of n and 40.
8
Let a be 5*(2 - 21/(-15)). What is the highest common divisor of 17 and a?
17
Let h = 1 - 1. Suppose -m + 3*m - 8 = h. Let k = 5 - 4. Calculate the highest common factor of k and m.
1
Suppose -2*c + 15 + 3 = 0. Let r = -1 + 3. Let l(k) = 10*k**2 + 4*k - 3. Let h be l(r). Calculate the highest common factor of c and h.
9
Let f(z) = z**3 - 8*z**2 + 0*z**3 - 3 - z + 13*z**2 + 0*z**3. Let l be f(-5). Calculate the highest common factor of l and 5.
1
Suppose -3 + 0 = -3*v. Suppose -9 = -2*o + v. Let h be (25 - (0 + 0))*1. Calculate the greatest common factor of o and h.
5
Suppose -66 - 51 = -3*j. Suppose 5*z - 31 - j = 0. What is the highest common divisor of z and 14?
14
Let z(r) = r + 6. Let t be z(-5). What is the highest common factor of t and 1?
1
Let n = 10 - -16. Calculate the highest common divisor of n and 39.
13
Let v = 32 + -31. What is the highest common factor of 1 and v?
1
Suppose 4*x = 3*h + 126, 2*x - 92 = -x + h. Suppose -3*l = -j + 114, -3*j = -8*j + 3*l + 522. Let n = j + -57. What is the greatest common divisor of x and n?
15
Suppose 4*y - 5 - 3 = 3*r, -4*r = -2*y - 6. Suppose 0 = 4*v + r*i - 3 + 7, 3 = 2*v + i. Let x be -5*16/10*-3. Calculate the greatest common divisor of v and x.
4
Suppose 0 = -6*u + 5*u + 45. What is the greatest common factor of 30 and u?
15
Suppose -7 = y - 0*y - 2*t, -4*y + t + 7 = 0. Suppose o + 14 = y*a, 5*a - a - 15 = 5*o. Calculate the greatest common factor of o and 1.
1
Suppose 4*f = -0*f + 4. Suppose -2*r + 5 = f. Suppose 3*w - 86 = -5*u - 0*w, -u + 4*w + 8 = 0. What is the highest common divisor of u and r?
2
Let p = 8 + -7. Suppose -q + p = -5. Calculate the highest common divisor of 6 and q.
6
Suppose 6*c - 172 - 188 = 0. Calculate the highest common divisor of c and 12.
12
Suppose -5*t + 0*t = -180. Let k = -24 + t. Let h be 11 + (-1 - -2) + 0. What is the highest common factor of k and h?
12
Suppose -x - 71 = -86. Calculate the greatest common divisor of 5 and x.
5
Let f(c) = 34*c - 1. Let u be f(-2). Let h = u - -101. Let j be 2/4 + 62/4. Calculate the highest common factor of h and j.
16
Let w = -5 + 8. Suppose -4*l + 15 + 9 = 0. What is the highest common divisor of l and w?
3
Let a = 93 - 60. What is the greatest common divisor of a and 231?
33
Let y(v) = v - 5. Let r be y(5). Suppose r = z + 3*z - 120. What is the greatest common factor of 12 and z?
6
Suppose d = 3*a + 22, -3*a = 4*d - 3*d - 46. Let x be (1 - -9)/(-5) - -87. Calculate the greatest common divisor of x and d.
17
Suppose m - 82 = -5*w + 4*w, -3*m = -3*w - 234. What is the highest common factor of m and 32?
16
Suppose -5*x = 3*x - 240. What is the highest common factor of 10 and x?
10
Suppose 1365 = 20*a - 5*a. Calculate the greatest common divisor of a and 7.
7
Let l = 136 + -66. Suppose 4*a - 50 = 34. Let s = a + -11. Calculate the highest common factor of l and s.
10
Suppose w - 248 = 2*q, -5*w - 2*q = -10*w + 1224. Let g = -108 + w. Let x be 30/12 + ((-435)/6)/(-5). Calculate the greatest common divisor of x and g.
17
Suppose f = -2*f + 6. Let b be 5/2 - 1/(-2). Suppose 5*l - 2*j - f = 2*l, -b*l = -j - 7. Calculate the greatest common factor of l and 8.
4
Let q = -39 - -58. Let p = q - -2. Suppose 0 = -2*b + 33 - 5. Calculate the greatest common factor of p and b.
7
Let w = -82 - -106. Calculate the highest common divisor of 168 and w.
24
Let v be (-12)/15*(-60)/8. Suppose l - k - 21 = 0, -2*l - 114 = -v*l - 2*k. Suppose -5*t + l = -54. Calculate the highest common divisor of 32 and t.
16
Let a = 10 + 8. Suppose 3*y = -35 + 251. What is the greatest common divisor of a and y?
18
Let v = 26 + 37. Calculate the highest common factor of v and 7.
7
Suppose n - 1 + 5 = 0, 4*t = -2*n + 56. What is the highest common divisor of t and 24?
8
Let t = -22 + 54. Let n = 26 - 22. Calculate the highest common divisor of t and n.
4
Suppose 16*o + 14 - 110 = 0. What is the highest common divisor of 114 and o?
6
Suppose 3*z - 6*z - 3*c - 57 = 0, -5*z - 2*c - 80 = 0. Let b(j) = -39*j + 1. Let s be b(1). Let v = z - s. Calculate the highest common factor of v and 3.
3
Let d(g) = g**3 + 10*g**2 + g + 14. Let r be d(-10). Suppose c + 2*n - 1 - 22 = 0, -3*c - r*n + 61 = 0. Calculate the greatest common divisor of c and 10.
5
Let k = -4 - -7. Let o(l) = -l**2 + 10*l - 9. Let p be o(7). Suppose 2*x - 4*g - 2 - p = 0, g - 49 = -3*x. What is the highest common factor of x and k?
3
Let q(z) = -z**3 - 18*z**2 - z - 29. Let d be q(-19). What is the highest common factor of d and 39?
39
Let n(j) = j**2 + 7*j - 6. Let r be n(-9). What is the greatest common factor of r and 4?
4
Suppose -28 = -3*j - 2*h, -6*h + 2*h = 2*j - 8. Let i(g) = 20*g - 8. Let w be i(7). Calculate the greatest common factor of w and j.
12
Suppose 7*n - 40 = 3*n. Let o(b) = b**2 - 7*b - 5. Let i be o(8). Suppose i*x = x + 60. Calculate the highest common divisor of n and x.
10
Suppose 2*m - 5*l = -3*m + 100, 4*m + 2